 Give k(39).
-72
Let y(p) = -p**3 - 116*p**2 - 107*p + 883. What is y(-115)?
-37
Let h(u) = -u**3 + 6*u**2 + 288*u - 757. Calculate h(19).
22
Let b(u) = 77*u - 855. Give b(11).
-8
Let v(h) = h**3 + 24*h**2 + 102*h - 90. Give v(-18).
18
Let m(c) = 46*c**3 - c**2 - 373*c - 374. What is m(-1)?
-48
Let b(d) = 4*d**2 + 40*d - 81. Determine b(-12).
15
Let a(y) = -6*y**2 - 53*y + 212. Give a(4).
-96
Let d(m) = -2*m**3 - 7*m**2 - 117*m - 354. Give d(-3).
-12
Let t(k) = -87*k - 2011. What is t(-23)?
-10
Let o(w) = -3*w + 82. Give o(13).
43
Let d(y) = -y**3 - 319*y**2 - 7889*y - 1458. What is d(-292)?
2
Let f(t) = 3*t**2 + 62*t - 42. Give f(-26).
374
Let j(f) = -f**3 - 47*f**2 - 151*f - 120. Calculate j(-44).
716
Let p(t) = -142*t - 256. Determine p(-4).
312
Let b(l) = 3*l**3 - l**2 - 31*l + 86. Give b(3).
65
Let h(j) = j**2 - 34*j + 213. What is h(8)?
5
Let x(l) = 14*l - 181. What is x(15)?
29
Let g(w) = 285*w**2 - 1426*w + 1. What is g(5)?
-4
Let a(s) = -5*s**2 - 119*s - 52. What is a(-23)?
40
Let u(h) = -2*h**3 + 55*h**2 + 9*h + 405. Give u(28).
-127
Let h(v) = 169*v - 1012. Calculate h(6).
2
Let z(r) = -4*r**3 + 2*r + 3. What is z(-1)?
5
Let g(b) = 11*b**2 - 178*b + 863. Determine g(6).
191
Let y(q) = 18*q - 115. What is y(8)?
29
Let l(m) = -11*m**3 + m**2 + 12*m + 24. Calculate l(-3).
294
Let u(g) = 2*g**2 + 267*g + 4810. Calculate u(-112).
-6
Let v(t) = -8079*t + 40397. Give v(5).
2
Let j(k) = k**3 + 39*k**2 - 172*k + 2. Calculate j(-43).
2
Let a(g) = 50*g + 209. Give a(-4).
9
Let d(o) = -o**3 + 60*o**2 + 127*o - 4064. Calculate d(61).
-38
Let t(u) = -u**2 - 17*u + 8. Give t(-4).
60
Let q(v) = -v**3 + 10*v**2 - 34*v + 697. Determine q(12).
1
Let l(m) = -27*m**2 + 448*m + 2510. What is l(21)?
11
Let v(l) = -4*l**3 + 21*l**2 + 200*l - 25. Determine v(-5).
0
Let z(c) = 3*c**3 + 3*c**2 - 51*c + 223. Calculate z(5).
418
Let j(g) = -4*g**2 + 53*g + 474. Determine j(-9).
-327
Let v(k) = -384*k - 3775. Determine v(-10).
65
Let w(f) = 257*f + 2052. Determine w(-8).
-4
Let v(u) = 964*u - 5835. Determine v(6).
-51
Let a(u) = 11*u + 542. Determine a(-48).
14
Let g(a) = 5*a**2 - 24*a + 222. Determine g(12).
654
Let w(h) = 14*h + 385. Give w(-49).
-301
Let v(c) = -72*c - 2159. Give v(-30).
1
Let g(p) = -4*p**2 - 59*p - 105. Calculate g(-2).
-3
Let y(u) = -7*u**2 + 101*u - 37. What is y(14)?
5
Let p(b) = b**3 - 8*b**2 + 16*b - 131. Calculate p(6).
-107
Let a(w) = 4*w**2 - 72*w - 835. What is a(-8)?
-3
Let p(s) = -s**3 + 15*s**2 - s - 460. Determine p(11).
13
Let o(a) = 338*a - 1349. Determine o(4).
3
Let z(t) = 23*t**2 - 22*t + 4. Calculate z(1).
5
Let g(x) = x**3 - 70*x**2 - 803*x - 239. Give g(80).
-479
Let c(s) = s**2 + 68*s - 610. What is c(8)?
-2
Let n(t) = -6*t**2 + 1053*t + 7098. Calculate n(182).
0
Let z(y) = -3*y**3 - 53*y**2 - 28*y + 141. What is z(-17)?
39
Let j(d) = 8*d**2 + 7*d + 37. Calculate j(-4).
137
Let u(l) = 646*l + 3869. What is u(-6)?
-7
Let t(f) = f**3 - 75*f**2 + 146*f + 36. What is t(73)?
36
Let n(f) = 16*f**3 - 23*f**2 + 8*f - 33. Determine n(2).
19
Let j(g) = 271*g - 37. Determine j(1).
234
Let g(t) = -859*t - 34362. Calculate g(-40).
-2
Let h(p) = p**3 + 18*p**2 - 79*p - 1132. Give h(-19).
8
Let c(y) = -53*y + 4429. What is c(84)?
-23
Let u(f) = -3*f + 37. Calculate u(-8).
61
Let t(i) = -12*i + 261. Give t(17).
57
Let g(k) = k**2 - 70*k + 606. Determine g(11).
-43
Let j(u) = 378*u + 6040. Calculate j(-16).
-8
Let t(p) = 216*p**2 + 2372*p - 38. Give t(-11).
6
Let o(z) = z**3 - 23*z**2 - 185*z + 4905. What is o(20)?
5
Let n(l) = -l**3 - 97*l**2 - 54*l - 5282. Calculate n(-97).
-44
Let a(z) = z**2 + 27*z - 183. Give a(-33).
15
Let h(x) = -x**3 - 9*x**2 - 121*x - 1095. Calculate h(-9).
-6
Let h(d) = -192*d + 2302. Calculate h(12).
-2
Let s(h) = 2*h**3 - 26*h**2 - 3*h - 27. Give s(13).
-66
Let b(q) = q**3 + 44*q**2 - 94*q - 70. Give b(-46).
22
Let u(c) = -2*c**2 + 97. What is u(-7)?
-1
Let h(x) = 4534*x + 4530. Determine h(-1).
-4
Let w(b) = 2*b**2 + 51*b - 54. Give w(-23).
-169
Let z(s) = -4337*s + 34713. What is z(8)?
17
Let n(t) = -t**2 + 43*t + 1641. What is n(-24)?
33
Let h(s) = -2*s**3 - 43*s**2 - 13*s + 57. What is h(-21)?
-111
Let g(f) = -8*f**2 + 231*f + 37. Calculate g(29).
8
Let j(n) = -n**2 + 224*n - 11824. Determine j(85).
-9
Let h(i) = 67*i - 530. Calculate h(8).
6
Let g(y) = -y**2 + 36*y - 152. Determine g(32).
-24
Let a(d) = -d**3 - 107*d**2 - 310*d + 155. What is a(-104)?
-53
Let j(f) = 171*f - 6679. Determine j(39).
-10
Let n(g) = -g**3 - 22*g**2 - 27*g - 590. Give n(-22).
4
Let g(t) = -19*t**2 + 77*t - 3. Calculate g(4).
1
Let k(t) = -2*t**2 + 22*t + 1450. Determine k(-22).
-2
Let g(p) = p**2 - 8*p - 69. What is g(13)?
-4
Let p(g) = -g**3 + 5*g**2 + 84*g - 286. What is p(3)?
-16
Let m(h) = -h**3 - 22*h**2 - 37*h + 45. What is m(-20)?
-15
Let n(r) = -4*r**2 - 81*r + 37. Give n(-11).
444
Let l(h) = h**2 + 166*h - 2751. Determine l(15).
-36
Let l(u) = -u**3 + u**2 + 206*u - 49. Give l(0).
-49
Let i(c) = -c**3 - 22*c**2 - 21*c - 2. What is i(-21)?
-2
Let j(p) = 2*p**3 - 18*p**2 - 8*p - 113. Calculate j(10).
7
Let w(d) = 18*d**3 + 54*d**2 + 13*d + 13. Give w(-3).
-26
Let r(l) = l**2 - 264*l - 6600. Give r(-23).
1
Let h(i) = -3*i**2 - 29*i - 115. What is h(-7)?
-59
Let p(n) = -n**3 + 8*n**2 - 6*n - 26. What is p(5)?
19
Let o(t) = 2*t**2 + 6557*t - 39369. Determine o(6).
45
Let n(u) = -u**3 + 24*u**2 - 66*u - 14. Determine n(21).
-77
Let b(y) = y**2 - 113*y - 818. What is b(-7)?
22
Let w(k) = k**2 - 93*k + 1418. Calculate w(19).
12
Let g(o) = 6*o**2 - 41*o - 42. Determine g(-1).
5
Let l(d) = 2*d**3 + 22*d**2 - 26*d - 124. What is l(-12)?
-100
Let n(o) = -59*o - 198. Determine n(-5).
97
Let g(w) = w**3 - 17*w**2 - 58*w + 189. Calculate g(19).
-191
Let w(o) = o**3 - 5*o**2 - 862*o - 7118. Give w(-10).
2
Let v(n) = -3*n**3 + 9*n + 5. Give v(-2).
11
Let m(z) = -192*z + 11292. Calculate m(59).
-36
Let o(z) = -19*z - 108. Determine o(-6).
6
Let f(n) = -6804*n - 20419. What is f(-3)?
-7
Let b(h) = -3*h**2 - 4240*h + 16999. What is b(4)?
-9
Let u(z) = -z**3 - 13*z**2 - 21*z - 16. Give u(-4).
-76
Let r(v) = -15*v + 138. What is r(10)?
-12
Let t(m) = -5*m**2 + 52*m - 137. What is t(4)?
-9
Let o(w) = -2*w**3 - 35*w**2 + 60*w + 750. Give o(-18).
-6
Let i(a) = -a**3 + 42*a**2 + 93*a - 101. Determine i(44).
119
Let n(c) = -6*c**2 + 210*c - 203. What is n(34)?
1
Let z(f) = -2*f**3 - 27*f**2 - 79*f - 12. Determine z(-5).
-42
Let b(w) = 4*w**2 - 170*w - 517. Calculate b(-3).
29
Let h(p) = 2*p**3 - 752*p**2 - 760*p + 2251. Give h(377).
-11
Let c(o) = o**2 + 134*o + 869. What is c(-125)?
-256
Let q(x) = 2*x**2 - 15*x - 33. Calculate q(9).
-6
Let f(w) = -w**2 + 9*w + 38. Calculate f(-12).
-214
Let f(u) = -u**2 - 21*u + 192. Determine f(-30).
-78
Let h(a) = -122*a - 4518. Give h(-37).
-4
Let t(x) = -x**3 - 15*x**2 + 127*x + 1748. Determine t(-16).
-28
Let j(z) = -93*z**2 - 10*z - 3. Calculate j(-1).
-86
Let l(a) = 14*a**2 + 1126*a - 1807. Calculate l(-82).
-3
Let k(z) = -426*z - 16625. Give k(-39).
-11
Let n(t) = -t**3 + 11*t**2 - 19*t + 60. What is n(12)?
-312
Let x(o) = -373*o**2 + 20*o - 1. Give x(-1).
-394
Let m(u) = u**3 - 2*u**2 + 11*u - 2. Give m(3).
40
Let d(t) = -t**3 - 19*t**2 - 86*t - 2131. Give d(-20).
-11
Let l(o) = -2*o**2 - 1181*o + 3578. Give l(3).
17
Let q(z) = 11396*z - 11383. Give q(1).
13
Let g(r) = -781*r + 8610. Determine g(11).
19
Let u(o) = -22*o**2 - 631*o + 176. Give u(-29).
-27
Let o(f) = -431*f + 866. Give o(2).
4
Let s(q) = q**3 + 11*q**2 + 25*q + 13. Give s(-8).
5
Let a(z) = 22*z**3 + 13*z**2 + 2*z + 9. What is a(-2)?
-119
Let l(v) = 49*v + 4066. Determine l(-83).
-1
Let m(h) = -4*h - 37. Give m(29).
-153
Let n(w) = 9*w + 487. What is n(-53)?
10
Let a(l) = l**3 - 15*l + 36. What is a(5)?
86
Let f(n) = 7*n**3 - 11*n**2 - 13*n - 6. Determine f(-2).
-80
Let x(a) = 59*a + 7499. What is x(-127)?
6
Let i(g) = g**2 + 19*g + 142. Give i(-7).
58
Let i(s) = s**3 + 110*s**2 - 233*s - 999. What is i(-112)?
9
Let c(r) = r**2 - 29*r - 3292. What is c(-43)?
-196
Let p(r) = -5181*r - 31087. What is p(-6)?
-1
Let q(p) = 18*p**3 + p**2 - 29*p + 89. Determine q(3).
497
Let a(f) = -2*f**2 - 26*f + 98. Calculate a(-23).
-362
Let i(s) = 12*s + 343. What is i(-26)?
31
Let w(f) = 148*f + 5008. What is w(-34)?
-24
Let a(g) = -g**3 - 17*g*